 Is 3 a factor of c?
True
Let a be (6 + -8)*6/(-4). Suppose a*l - 28 = 53. Is l a multiple of 5?
False
Let k(p) = -12*p - p - 40*p**2 + 20 + 39*p**2 - 6*p. Does 20 divide k(-15)?
True
Let n = -9 + 24. Suppose 50 = -5*v - 5*a, -v + 4*a + 10 + 0 = 0. Is (-232)/v*n/10 a multiple of 10?
False
Suppose -5*n + 4*i + 1600 = 0, -2*i = n - 4*i - 320. Is 32 a factor of n?
True
Suppose 2*j = 2*x - 10, -10 = -4*x + 2*j - 3*j. Suppose x*u = -5*h + 130, 2*h - 33 = -2*u + 55. Does 9 divide u?
True
Is ((-48675)/(-236))/((-6)/(-16)) a multiple of 25?
True
Suppose 3*d - 76 = 164. Let r = 143 - d. Is r a multiple of 21?
True
Suppose 5*m - 41 = -41. Suppose m*c - 4*c = y - 174, 3*y - 3*c = 507. Is y a multiple of 17?
True
Let g be (6/(-9))/(6/(-45)). Let j(l) = -g*l + l + 0*l + 10. Is 16 a factor of j(-5)?
False
Suppose -23 = -8*a - 167. Suppose 18 = y - 5. Let c = a + y. Does 2 divide c?
False
Let x = 83 - 81. Suppose k - 130 = x*o, 2*k - 4*k + 260 = -3*o. Does 41 divide k?
False
Suppose 0 = -4*d + 8 + 4. Suppose d*c = 9, -4 = -3*n + 4*c + 2. Suppose -n*u + 2*u = -400. Does 19 divide u?
False
Let w = -2046 + 4191. Let u be w/9 + 8/(-6). Suppose -v - u = -5*m + 2*v, -5*m = 5*v - 205. Is 15 a factor of m?
True
Let b be (-11)/(-7) - 21/(-49). Suppose 2*g + 6 + b = 0, 16 = 2*s + 2*g. Does 14 divide 848/s - (-6)/(-9)?
True
Let d(v) = -v**3 + 6*v**2 + 3*v + 3. Suppose 14 + 11 = 5*r. Is d(r) a multiple of 8?
False
Let m(o) = o + 60. Is m(10) a multiple of 20?
False
Suppose u + 5 = 0, -4*u - 11 = -3*k - 0*u. Let m be (-4)/(k/(-3)*-1). Suppose m*d - 37 - 27 = 0. Is 8 a factor of d?
True
Let d(v) = -v**3 - 5*v**2 + 2*v + 10. Suppose s = -0*s - 6. Is 17 a factor of d(s)?
True
Let r = 16 + -13. Suppose b = -3*j - 3*b + 290, r*j - 2*b = 260. Suppose -3*v + j = 12. Is v a multiple of 13?
True
Let g(k) = -k**2 - 7*k + 1. Suppose -4*p - 10 = -5*p. Let x be p/((-3)/(-3)*-2). Is 11 a factor of g(x)?
True
Let l = 86 + -58. Let o = -6 + l. Is 22 a factor of o?
True
Is 2 a factor of 2*(4/(-10))/(15/(-1125))?
True
Let x be 1/2*(29 - 3). Suppose -x = -4*h - h - 4*p, -3*h + 5*p = -30. Is h even?
False
Suppose 1 = -5*j + 4*q - 0, -23 = -5*j - 2*q. Is 60/j*24/15 a multiple of 16?
True
Suppose 2*o = -4*w + 2, 0 = 3*o - 3*w + 20 - 5. Let x = 21 + o. Is 2 a factor of x?
True
Let t(k) = -1 + 31*k - 36*k + 28*k. Is t(6) a multiple of 25?
False
Suppose -2*x = 3*a - 626, 2*a - 3*x - 1056 = -3*a. Is a a multiple of 2?
True
Suppose 5*p - 4*q = 94, -3*q = -0*p + p - 34. Let u = p + -17. Suppose u*f = 48 + 267. Is 20 a factor of f?
False
Suppose -l = 4*l - h - 28, -3*h = 9. Let b(g) = 5*g - g**2 + l*g**3 - 3*g**2 - 6*g**3 - 12. Does 8 divide b(-6)?
False
Suppose g = b - 3*b + 28, 5*g = -b + 95. Is g a multiple of 7?
False
Let b = 2 + 1. Is 5 + 71 + 2 - b a multiple of 15?
True
Suppose 0 = 5*h - 14 - 11. Suppose -h*n + 2*n + 9 = 0. Suppose -2*l + 113 = 5*j, 6 = j + n. Does 11 divide l?
False
Let q(s) = 5*s**2 - 1 + 2 - s**3 + 0*s + 2*s. Let n(c) = 2*c**3 + 75*c**2 - 39*c - 34. Let k be n(-38). Is q(k) a multiple of 15?
False
Suppose 0*d + 33 = 3*d. Suppose 5*c - 1 = -d. Is 15 a factor of 43 + (3 + c)*1?
False
Suppose -778 = -10*g + 2432. Is g a multiple of 13?
False
Suppose -5*f + 4*x + 383 = -24, -2*x - 322 = -4*f. Is f a multiple of 4?
False
Let w(a) = a**2 + 8*a + 4. Let h be w(-8). Suppose 0 = -5*j + i + 423, 180 = 3*j - j - h*i. Is 17 a factor of j?
False
Suppose -3*p = 9, 2*p - 7*p = 5*v - 15. Let i be (-4)/((-8)/v) - 3. Suppose i*y + 3*y = 186. Is 21 a factor of y?
False
Let v be 6/3 + 1 - 0. Suppose a - 16 = v*a. Is 25 a factor of 934/8 - (-6)/a?
False
Let h be 74/(3 + (4 - 5)). Suppose 2*z = 2*r + 22, -2*r - h = 5*z - 8*z. Is z a multiple of 2?
False
Let l(p) = -19*p + 9. Let h be l(3). Is 13 a factor of h/5*(-300)/45?
False
Let o = 2447 - 1479. Does 88 divide o?
True
Let g(t) = t - 3. Let w be g(6). Suppose 9 - w = -2*i. Is 6 a factor of 13 - i - -1 - 2?
False
Let z = -4 + 7. Suppose -k + 9 + 2 = z*y, 0 = 3*k + y - 1. Is (-3 - -13)/(k/(-6)) a multiple of 11?
False
Suppose -3*z + 2*z = s - 194, -5*s + 3*z = -1010. Suppose 4*q + 569 = 3*b - 0*q, -b = q - s. Is b a multiple of 49?
False
Does 19 divide 66/429 - 9538/(-26)?
False
Suppose -23*t = -18*t - 8580. Is t a multiple of 44?
True
Let m(k) be the second derivative of 13*k**3/3 + 3*k**2 - 2*k. Let u be m(9). Suppose -3*r = -6*r + u. Does 16 divide r?
True
Suppose 4*c + 4*i - 4 = 2*i, 3*i - 4 = -5*c. Suppose c*v + 5 = v, -3*d = -3*v - 300. Does 21 divide d?
False
Suppose 0 = -6*i - 67 + 97. Let f(g) = 3 + 6*g**2 - g**3 + 7*g - 6 - g**2. Does 8 divide f(i)?
True
Does 14 divide (25 - 21) + (0 - -1093)?
False
Suppose 3*n = 12 - 6. Let m be (-1 + n)*(7 - 7). Suppose 48 = 2*g + w - 5*w, m = -4*w - 8. Is g a multiple of 16?
False
Let y = 4 + 18. Let q = 43 - y. Is q a multiple of 10?
False
Is (-2)/(-20) + 40959/410 a multiple of 4?
True
Suppose 2*n + c - 216 = 0, 2*n - c = -2*n + 432. Suppose n*r - 104*r - 612 = 0. Is 21 a factor of r?
False
Let l(z) = -5*z - 21. Let s(f) = 26*f + 106. Let i(m) = -11*l(m) - 2*s(m). Is i(9) a multiple of 14?
False
Suppose 0 = k - 0*k - 5, 0 = w - k - 2. Suppose 0 = -c + w*c. Let h = 10 + c. Does 10 divide h?
True
Let b(p) = 0*p**2 - p + 8*p**3 + 8*p**3 + 2*p**2. Suppose -h = -m + 6, 3*h + 2*h = 4*m - 29. Is 17 a factor of b(m)?
True
Suppose -3*f = -9, 0*s + f - 2 = -s. Suppose 0*a + 22 = 4*a - 2*z, -12 = a + 3*z. Is 7 a factor of (-51)/(-9)*a + s?
False
Suppose 3*j + 7 = k + j, 0 = 2*k + 3*j + 21. Let f(y) = -y**2 - 5*y - 4. Let z be f(k). Suppose 2*v - 158 = -5*n - 2*v, -z*n + 70 = 5*v. Is 6 a factor of n?
True
Suppose 5*d - 2890 = 5*h, 0 = -7*d + 2*d + h + 2882. Does 48 divide d?
True
Let c = -1389 + 2767. Is c a multiple of 26?
True
Suppose -4*n + 4*o = -2700, 0 = -4*n + 3*o + 1544 + 1157. Suppose -5*l = 101 - n. Is 23 a factor of l?
True
Suppose -24 = i - 2*i - h, 3*i + 2*h - 68 = 0. Let b(g) = -g**2 + 24*g - 46. Does 11 divide b(i)?
False
Let y(p) = -p**2 + 8*p + 2. Let v be y(6). Let w(x) = 3*x**2 + 31*x + 1. Let o be w(-9). Is 16 a factor of 676/v - (-10)/o?
True
Suppose -14*r + 132 = -16*r. Let g = 43 - r. Does 12 divide g?
False
Does 33 divide 36*(21/6 - (-6 - -4))?
True
Suppose 568*z - 21573 = 559*z. Does 95 divide z?
False
Is (-2)/4*956*2/(-4) a multiple of 55?
False
Let b be (-2 - 2)/((-6)/(-12)). Let n be b/(-32) - 38/(-8). Suppose 4*v + 32 = 2*f - 28, n*f - 123 = v. Does 24 divide f?
True
Let q = 1 - 4. Let p be 1*q - (-32 + -4). Let a = p + -18. Is a a multiple of 5?
True
Suppose d + 257 = 4*k, k - 47 = -2*d + 15. Let t = -43 + k. Let x = t + -18. Is 2 a factor of x?
False
Suppose -2*j - 540 = -4*x, -3 + 11 = -4*j. Does 20 divide x?
False
Does 24 divide (-7)/35 + (-3496)/(-5) + -1?
False
Let n = -12 + 16. Let d be (-33)/(-4) + (-1)/n. Let o(q) = -q**3 + 9*q**2 - 3*q - 6. Is 17 a factor of o(d)?
True
Suppose 280 + 536 = 16*v. Let d = 3 + 2. Suppose -a = -2*r - 6*a + v, d*r - 200 = 2*a. Does 19 divide r?
True
Suppose -2*o - 3 = 1. Let b be o/(-4)*28/2. Suppose 9*d - 32 = b*d. Is 3 a factor of d?
False
Let y(q) = 27*q**2 + 10*q - 6*q**2 - 13*q + 4 + 2. Is 21 a factor of y(2)?
True
Let m = 83 - 220. Let r = m + 254. Is 9 a factor of r?
True
Suppose 0 = n - 112 - 28. Is 14 a factor of n?
True
Let p(v) = 25 + v**2 + 17*v + 0*v**2 - v**2 + v**2. Does 10 divide p(-19)?
False
Let t(m) = 156*m + 121. Is 135 a factor of t(25)?
False
Let m = -42 + 127. Does 19 divide m?
False
Let n be 1 - 0 - ((-8 - -2) + -219). Suppose -n = -r + 75. Is r a multiple of 43?
True
Suppose 5*w = 6*w - 6. Suppose -2*v + w*v + 156 = 0. Let d = v + 71. Does 32 divide d?
True
Let c = 452 + -434. Does 3 divide c?
True
Let a = -780 - -968. Is a a multiple of 53?
False
Suppose 5427 = 52*o - 43*o. Is o a multiple of 67?
True
Let p = 258 - -65. Is p a multiple of 15?
False
Let v(n) = -32*n + 212. Does 24 divide v(-13)?
False
Suppose -5*l - 35 = 5*z, -5*z - 27 = 4*l + 5. Let j be (-1*(-8)/z)/1. Is 8 a factor of j/11 - 532/(-22)?
True
Let d(u) = u**3 - 2*u**2 + 153. Let m = 59 - 59. Does 32 divide d(m)?
False
Let d be (-32)/(-56) + (-24)/(-7). Suppose 4*v = -3*j + 179, -4*j = d*v + v - 223. Is 26 a factor of v?
False
Suppose 430*v = 434*v - 2652. Is v a multiple of 3?
True
Suppose -28039 = -82*l + 18865. Is 52 a factor of l?
True
Suppose 